hat is the highest common divisor of c and 437?
23
Suppose 1620 = 3*a + 2*a. Let c = 9 + 109. Suppose 6*m - 98 = c. Calculate the highest common factor of a and m.
36
Suppose 4*b = 5*s + 5*b + 2, -2*b + 7 = -s. Let l be 78/16 - s/8. Suppose l*u - 793 = -293. What is the highest common divisor of 20 and u?
20
Let g(z) = -2*z + 5. Let t be g(-6). Let f be (-629)/(-4)*(20 - 13 - 3). Calculate the highest common factor of f and t.
17
Suppose 2*u + 8 = 0, 3*d + 23 = 4*d - 5*u. Suppose 8 = -4*j - s + 19, -5*s + 7 = 4*j. What is the greatest common divisor of d and j?
3
Let p(i) = 4*i - 21. Let d be p(11). Let b be 3/(9/(-6)) - 1. Let v be (-1)/(b*(-2)/(-1518)). What is the highest common divisor of v and d?
23
Suppose -4*z + b = -163178, -824*b = -z - 827*b + 40775. What is the highest common divisor of 113 and z?
113
Suppose 64*a - 679 = 23*a + 3134. Calculate the highest common divisor of 3999 and a.
93
Suppose 0 = -2*x + 3*m + 251, 3*x = -x + 5*m + 507. Suppose -2*a - 4*d + 24 = 0, a - 4*d - 5 = 13. What is the highest common factor of a and x?
7
Let h(d) = -d**2 + 36*d - 183. Let u be h(17). What is the greatest common factor of u and 21?
7
Suppose -5*q = -3*s - 7*q - 40, 2*q - 32 = 3*s. Let i be 3*((-68)/s + 6) - -5. What is the greatest common divisor of i and 184?
8
Suppose 103*m - 1100 = 3*m. Calculate the highest common divisor of 3179 and m.
11
Suppose -l + 5*f = -501, 5*l = f + 119 + 2362. Calculate the highest common divisor of 656 and l.
16
Let l = -24 - -14. Let y(h) = 8*h + 108. Let s be y(l). Calculate the highest common divisor of 98 and s.
14
Let x = -64 + 67. Suppose -4*n + 205 = 3*g - 2*g, -212 = -g + x*n. What is the highest common divisor of 19 and g?
19
Let b(d) = 80*d**3 - 3*d**2 - 8*d + 10. Let p be b(2). Suppose -2*u + 557 + 81 = 2*a, -2*u = -2*a - p. Calculate the highest common factor of u and 30.
15
Suppose -4*g + 3*w = -118950, 4*g + 1317*w - 1316*w = 118942. What is the highest common divisor of g and 84?
84
Suppose 3*a = 3*m - 75, -a + 47 + 16 = 3*m. Suppose 0 = -5*v - 2*q + 140, -290*q = -286*q - 20. Calculate the highest common factor of m and v.
2
Let h = 423 + -241. Suppose 18 = -3*f + 402. Let w = h - f. Calculate the highest common divisor of 135 and w.
27
Let p = 199 - 130. Suppose 63 = 78*n - p*n. Calculate the greatest common factor of n and 112.
7
Suppose -7*z = -2*z - 1480. Let m be (-345)/(-8) + 1/(-8). Suppose 0 = -4*d - 5*q + 163, 2*q + 0*q = -d + m. Calculate the greatest common divisor of d and z.
37
Let f = -188 + 235. Suppose 50*a = f*a + 1428. What is the highest common factor of 28 and a?
28
Let y = -24 - -56. Let t = -25 - -42. Let d = y - t. What is the highest common factor of d and 10?
5
Suppose 177 = 5*g - t - 2*t, 0 = 2*t + 8. Let v be (44/g)/(2/6). Suppose 4*z = 2*q + 58, z - 24 - v = -4*q. Calculate the greatest common divisor of 4 and z.
4
Let g(v) be the first derivative of 11*v**2/2 + v + 62. Let i be g(1). What is the greatest common divisor of i and 52?
4
Let h = -62 - -62. Suppose h = 8*x - 6*x - 5*f - 132, 0 = -x + f + 66. What is the highest common divisor of 88 and x?
22
Let c be (0 - (-29 + 2))/1. Suppose -5 - c = -4*l. Suppose 3016 = -579343*h + 579372*h. What is the greatest common factor of h and l?
8
Let q be ((-12)/10)/(0 - 6/45). Suppose 0 = -q*n + n - 368. Let c = 62 + n. Calculate the greatest common factor of 64 and c.
16
Let c(h) = -h**3 + 7*h**2 + 10*h + 5. Let k be (-6)/21 + 51/7. Let x be c(k). Suppose -x*j = -74*j - 154. Calculate the greatest common divisor of j and 14.
14
Let x be 5/(5/(-91)) - -3. Let w = x - -126. Let z = -33 + w. Calculate the highest common factor of z and 40.
5
Let u = -366 - -233. Let v = u - -205. Calculate the greatest common divisor of v and 27.
9
Let w(v) = 8*v - 140. Let y be w(18). Suppose 5*x - 424 = 4*r, 164 = -6*x + 8*x + y*r. Calculate the highest common divisor of x and 12.
12
Suppose -346*o + 354*o + 4*g - 23584 = 0, 3*g = 3*o - 8862. Calculate the highest common divisor of 10 and o.
10
Let f = 493 + -440. Let q be 28 + 2 + (-3)/3. Suppose -5*h + f = 3*z, z - q = -2*h + 6*h. What is the highest common divisor of 231 and z?
21
Let d(y) = y + 7. Let c be d(-5). Let f be ((-18)/45)/(c/(-50)). Let k = -56 - -60. Calculate the highest common factor of f and k.
2
Suppose 49 - 390 = -f. Let n be ((-124)/(-4))/(-7*(-8)/56). Calculate the highest common factor of n and f.
31
Let a = -7156 - -7225. Calculate the highest common factor of a and 46.
23
Let b be 8 + (-1 - 2 - -9). What is the greatest common divisor of b and 3878?
14
Let b be (-3080)/350*(5/(-2))/1 - 3. Suppose 2*t = -5*l + 131, -2*l + 158 + 96 = 4*t. Suppose -108 = -n + t. What is the highest common factor of n and b?
19
Let z(w) = -2. Let d(g) = -g. Let o(j) = 6*d(j) + z(j). Let m be o(-3). Suppose 24*n - 160 = m*n. What is the greatest common divisor of 20 and n?
20
Suppose 26*y - 942 = 72. Calculate the highest common divisor of y and 1248.
39
Let z be (-9 - 115/5)*-1. What is the highest common factor of 32 and z?
32
Suppose -94*w = -53*w - 574. What is the highest common divisor of 1211 and w?
7
Let h(m) = -18*m + 59. Let j be h(3). Let y be 97 - (-3 + 5) - j. What is the greatest common divisor of y and 20?
10
Let a = -198 - -203. Let w be ((-53)/3)/(-4 - 100/(-24)). Let s be 4/((-40)/w) - 3/5. What is the highest common factor of s and a?
5
Let u be 8/44 + (-18)/(-22) + -2. Let m be (6/21)/(u/(-14)). Let b be 5 + (2 - 4 - -1). What is the highest common factor of b and m?
4
Suppose -5*l + 34 = -71. Suppose 9345*p = 9343*p + 28. What is the greatest common divisor of p and l?
7
Let m = 363 + -363. Suppose 0 = s - m*s - 4*b - 37, 0 = -3*s + 2*b + 71. Calculate the highest common divisor of s and 28.
7
Let h = 3406 - 2028. What is the greatest common divisor of h and 39?
13
Let d(w) = w**3 + 11*w**2 - 54*w - 131. Let p be d(-14). What is the greatest common factor of p and 851?
37
Let g be 5 - 2*(-6)/(-4). Suppose -9*p = 3*h - 5*p - 159, g*h - 2*p - 92 = 0. What is the greatest common divisor of 1 and h?
1
Suppose -7*q + 3*q + 348 = 0. Suppose q = 3*y - 3*u, -3*y = -y - 4*u - 50. Let x be (-45)/(-4) - 4/16. Calculate the greatest common divisor of y and x.
11
Let a(p) be the second derivative of -p**5/10 + 23*p**4/12 + 13*p**3/6 - 5*p**2/2 + 3*p + 27. Let q be a(12). Calculate the greatest common divisor of q and 28.
7
Suppose -2*h + 5 = -1. Suppose 0 = a + h - 16. Suppose 2*p = p + a. What is the greatest common divisor of 65 and p?
13
Suppose -2*h = -2*n + 3196, 468*n - 1589 = 467*n - 2*h. Calculate the highest common factor of 110 and n.
55
Let j = 3764 - 3029. What is the highest common factor of 210 and j?
105
Let x = 86918 - 35730. What is the highest common factor of 191 and x?
191
Let q(k) = 3*k**3 + 4*k + 7. Let g be q(4). Suppose 0*x - 20 = -4*x. Calculate the greatest common divisor of x and g.
5
Suppose 0 = 2*u + 3*y - 258, 368*u = 366*u + 3*y + 210. What is the greatest common divisor of 1656 and u?
9
Let k(f) = 67*f**2 - f - 1. Let h be k(1). Let i = -55 + h. Calculate the greatest common divisor of 50 and i.
10
Let c be 7/21*-2*(88 - 1). Suppose -2*p + 3*p - 158 = 0. Let v = p + c. Calculate the greatest common factor of 40 and v.
20
Suppose -3*x + 2 = 5, 3*k - 5*x - 347 = 0. Let m = -564969 + 565026. Calculate the greatest common divisor of k and m.
57
Suppose 5*b - 2*n = 2924, -n = -59 + 66. Calculate the greatest common divisor of 96 and b.
6
Suppose 0 = -5*a + 3*d + 213, 4*d - 77 - 119 = -4*a. Let h be 18/30 + 738/a. Calculate the greatest common divisor of h and 17.
17
Suppose a - 5*a = 0, 5*a = 4*w - 2504. Suppose -3*g - 3*d + w = -103, -972 = -4*g - 5*d. Let n be 120/4 + 9/(-3). What is the highest common divisor of n and g?
27
Let g(z) = -229*z**3 + 4*z**2 - 114*z - 113. Let m be g(-1). What is the highest common divisor of 156 and m?
78
Let h(v) be the third derivative of 5*v**4/12 - 12*v**3 - v**2 - 23*v. Let p be h(17). Calculate the highest common factor of p and 28.
14
Let u be -9 - 6/(150/(-215)) - 6557/(-5). Calculate the highest common divisor of 57 and u.
57
Suppose 79*r = 117*r - 201134. What is the highest common divisor of 134 and r?
67
Let y(h) = 30*h - 56. Let n be y(2). Suppose -n*k = -3*b + 1600, 15*b - 18*b - 5*k + 1564 = 0. Wha